r = 3, 2*w - z*r = -23. Give x(w).
-7
Let h(z) = -6*z + 2. Suppose d - 10 = -5*y, 5*y - 5*d - 3 = 7. Suppose -22 = -0*m - 4*m - y*n, -3*m + n = -4. Determine h(m).
-16
Let x(p) be the second derivative of p**3/2 + 8*p**2 - 6985*p. Determine x(-8).
-8
Suppose 8*v - 31*v - 25*v = -48. Let g(h) = -9*h**2 - 29*h + 30. What is g(v)?
-8
Let w(f) be the first derivative of f**3/3 - 5*f**2 + 3*f - 41. Let m(a) be the first derivative of w(a). Give m(7).
4
Let o(x) = 3*x**2 + 9*x - 1. Let r(s) = 10*s**2 + 28*s - 4. Let z(y) = -7*o(y) + 2*r(y). Let t be 4/22 + 270468/484. Let g = t + -565. Give z(g).
5
Let j(p) = -2*p + 56. Suppose -2*x - 4 = 2*o, -66*x + 2*o = -72*x + 16. Determine j(x).
46
Let o(j) = -j**2 - 6*j - 8. Let t be o(-4). Let q(n) = -n - 1. Let p(b) = 5*b + 3. Let z(k) = p(k) + 6*q(k). Calculate z(t).
-3
Let k = 5 - -1. Let y(h) be the second derivative of h**3/6 - h**2/2 + 3673*h. What is y(k)?
5
Let g(o) be the first derivative of 3*o**2/2 + 95*o + 65. Let v be g(-34). Let m(t) = -7*t + 0*t**2 + 2*t**3 + 6 + 6*t**2 - t**3. Determine m(v).
6
Let b = -180 - -311. Suppose 8*q = 3*q - 4*l + b, 2*q - l - 55 = 0. Suppose 12*o = 15*o - q. Let x(r) = r**3 - 10*r**2 + 8*r + 1. Give x(o).
-8
Let j(r) be the third derivative of r**4/8 + 2*r**3 - 2*r**2 + 723*r. Suppose 2*i = -5*f - 11, -4*f + 38 = -3*i + 10. What is j(i)?
-12
Suppose 44*x + 1 + 54 + 209 = 0. Let r(i) = i**3 + 7*i**2 + 3*i - 5. Determine r(x).
13
Let v(u) = u + 26. Let r(i) = 4*i + 73. Let f(p) = -6*r(p) + 17*v(p). Let o = 10 - 10. Let w be f(o). Let q(d) = -d + 4. Give q(w).
0
Let v(o) = -2*o**2 + 22*o - 15. Let c be v(10). Let w(k) = -8*k**2 + 0*k + c*k - 3*k + 21 - 23. Give w(2).
-30
Let f be -6 - (-24)/(-4) - 3*(-4)/(-12). Let d(i) = i + 28. What is d(f)?
15
Let t(k) be the first derivative of -5*k**2/2 - 43*k + 1059. What is t(-8)?
-3
Suppose 2*t - 37 + 11 = 0. Suppose -28 = y + t*y. Let c(u) = u**2 + u. What is c(y)?
2
Let g = -2603 - -2598. Let b(c) = 7*c + 40. Calculate b(g).
5
Let j = -1310 + 1312. Let t(y) = -3*y**2 + 3*y + 4. Give t(j).
-2
Let i(o) = -11 - 1697*o + 12 + 1689*o - 17. Give i(0).
-16
Let q(k) be the second derivative of k**3/3 + k**2/2 + 1333*k. Let b(h) = -h**3 - 3*h**2 + 4*h + 4. Let v be b(-4). Let f = 2 - v. What is q(f)?
-3
Let r(y) = -3*y**2 + 25*y**3 - 44*y**3 - 98 + 12*y - 5*y**3 + 25*y**3 - 4*y**2. Calculate r(7).
-14
Let a(k) = -30*k - 10*k**2 + 33*k - 11*k - 8*k**3 + 10 + 7*k**3. Determine a(-9).
1
Let y = 52 - 49. Let h be (8 + 2)/2 - y. Suppose -2*i + 3*p + 27 = 0, h*i + 5*p = 4*i - 37. Let u(b) = 2*b - 9. Determine u(i).
3
Let x(v) = v**2 - 17*v + 44. Let p be 35/21 - 442/(-39). Determine x(p).
-8
Let d(q) = -14*q**2 - 14*q + 6*q + 37*q**2 - 8 - 22*q**2 - 5*q. Determine d(10).
-38
Let p be (5 + 3)/(7 + -8). Let g be (-7 - p)/(-1)*5. Let y(s) = -3*s + 4. What is y(g)?
19
Let a(g) be the third derivative of g**4/6 - g**3/6 - 1618*g**2. Let d = 0 + 1. Calculate a(d).
3
Let v(r) = -527 - 644 + 1179 - 3*r. Give v(4).
-4
Let v(u) = -u**2 + 16*u + 38. Suppose 0 = 8*k - 3*k + r - 91, 2*k - 4*r - 54 = 0. Give v(k).
-19
Let r(n) = -3 - n**2 + 3 + 2 + 4 + n**3 - n**2. Let t = -290 + 293. Calculate r(t).
15
Let p(t) be the second derivative of -t**4/12 - t**3/3 + 3*t**2/2 + 223*t - 47. Suppose 2*m + m = 12. Give p(m).
-21
Let d(w) = -w**3 - 3*w**2 + 238*w + 948. Let z be d(-4). Let n(m) = -m**3 + 12*m**2 - 3*m + 11. Determine n(z).
-25
Let m(l) be the second derivative of l**4/6 + 4*l**3 - 17*l**2/2 - 1466*l + 1. Give m(-11).
-39
Let l(t) = -t**3 + 25*t**2 + t - 29. Let g(p) = -p**2 + 43*p + 25. Let y be g(0). Determine l(y).
-4
Let y(u) = u**2 + 38*u + 64. Let o(i) = i**2 + 40*i + 65. Let r(l) = 2*o(l) - 3*y(l). Give r(-32).
2
Let l(p) be the first derivative of -7*p**2/2 - 10*p - 5909. Determine l(-4).
18
Let h be 4/3 + 42*510/54. Let x = h - 392. Let m(d) = -d - 6. What is m(x)?
-12
Let s(z) = z**2 - 1. Let k be s(-2). Let n(q) be the third derivative of -q**6/120 + q**5/20 - q**4/6 + q**3/3 - 86310*q**2. What is n(k)?
-10
Suppose 3 = x + 4. Let o be 8/(-6)*(x + 4). Let q(j) = 2*j + 35 - 11 - 24 + j**2. Calculate q(o).
8
Let y(f) be the second derivative of f**5/10 - f**3/6 + f**2/2 + 284*f. Suppose 3*o + 18 = -5*l + l, 4*l = -2*o - 16. What is y(o)?
-13
Let z(n) = 2*n**3 - 2*n**2 + 14*n - 61. Let s(a) = a**3 - a**2 + 7*a - 28. Let t(q) = 9*s(q) - 4*z(q). What is t(4)?
68
Let p(o) be the second derivative of 0 - o**2 - 7/6*o**3 - 20*o. Calculate p(-3).
19
Let l be (-21)/(-7) - 2/(-4)*-362. Let n = -171 - l. Let a(o) = o**2 - 6*o - 4. Determine a(n).
3
Suppose 5*g + 3*p + 25 = -2*p, -5*p = 25. Let d = 59 + -57. Let u(v) = -2*v**2 + v**d - 6*v - v + 9 + 8*v. What is u(g)?
9
Suppose -380 = 4*q + 4*i, -4*q - 349 - 29 = 5*i. Let x = q - -94. Let r(j) = j**3 + 2*j**2 - 4*j - 2. Determine r(x).
1
Suppose -5*w - 4*t - 85 + 13 = 0, -w + 8 = 4*t. Let d(o) = -o**2 - 20*o - 18. Give d(w).
-18
Let g(i) = -136*i - 42. Let q be g(2). Let d = 318 + q. Let o(b) = -b**3 + 3*b**2 + 9*b - 13. Calculate o(d).
7
Let b(t) = 3*t**2 + 3*t - 6. Suppose 64 + 36 = 24*f - 44*f. Give b(f).
54
Suppose -2*d - 6*w + 6 = -7*w, -4*d = w - 24. Let g(z) = -10*z + 2. What is g(d)?
-48
Let u(l) = -9*l + 58. Let s be u(6). Let p(r) = r**2 - 3*r - 2. Let x(q) = 3*q**2 - 8*q - 6. Let h(c) = 7*p(c) - 2*x(c). Calculate h(s).
-6
Let t(k) be the second derivative of 7*k**3/6 - 53*k**2/2 + 2*k - 1439. Give t(6).
-11
Let x(o) = 2*o - 3. Let j = 148 - 75. Let q(u) = u + 84. Let b be q(-35). Suppose 6*r + j - b = 0. Determine x(r).
-11
Let t be (-154)/44*2/(2 + -1). Let z(f) be the third derivative of -7/60*f**5 - 1/12*f**4 - 1/120*f**6 + 0*f + 4/3*f**3 + 0 - 13*f**2. Calculate z(t).
22
Suppose w = 3*z + 5*w - 17, -2*w = 5*z - 19. Let d(n) = -3*n + 2 + 4*n**z + 3*n**2 - 2*n**2 - 2*n**3 + 0. Let v be d(1). Let g(s) = -2*s + 1. Calculate g(v).
-3
Let n(l) = l**2 + 2*l + 2 + 2*l + 0*l**2 - 3*l. Let u(s) = 19*s - 213. Let m be u(11). Calculate n(m).
14
Let z = -521 - -536. Let g(v) = 0*v + 2*v**2 - 3*v**2 - 16 + 2*v + z. What is g(3)?
-4
Let f(u) = -5323*u**3 - 16 + 5322*u**3 - 2*u - 10*u**2 + 7*u + 34 - 4*u**2. Calculate f(-14).
-52
Let s(n) = -n - 21. Suppose 10*x + 4 = 14*x. Suppose -4*z - x = -21. Suppose -h - i = -2*h - 2, z*i = 4*h + 10. Calculate s(h).
-21
Let i(j) be the second derivative of -j**6/720 - j**5/120 - 5*j**4/12 + 6*j**2 - 82*j. Let c(w) be the third derivative of i(w). Determine c(1).
-2
Suppose 0 = -2*k + 2 + 2. Let a(t) be the third derivative of -2*t**5/15 - t**3/6 + 100*t**2 - 3*t - 15. What is a(k)?
-33
Let m(v) = 7*v + 2*v + v**2 + 9 - v. Let r be m(-6). Let s(b) = -248 + 61 + 63 - 2*b + 60 + 63 - b**2. Determine s(r).
-4
Suppose 0 = x - 4*l - 2, -10 = -16*x + 11*x + 5*l. Let d(a) = -3*a - 78*a**2 - 66*a**x + 1 + 145*a**2 + a. Calculate d(1).
0
Let z(n) = 16*n + 4. Let t(k) = -7*k - 1. Suppose -22*h - 259 = 15*h. Let p(d) = h*t(d) - 3*z(d). Determine p(7).
2
Let z(i) be the second derivative of i**4/6 + 5*i**3/6 + i**2 + 308*i. Let b be 1 + (39/(-9) - 8/12). Give z(b).
14
Let s(k) = -7*k**2 - k + 2. Let h(r) = 6*r**2 - 2. Let q(c) = -6*h(c) - 5*s(c). Suppose -582 = 45*y - 142*y. Calculate q(y).
-4
Let t be (-11 - -14) + ((-9)/2 - (7 + -9)). Let n(i) be the first derivative of -12 + t*i**2 - 2*i. Give n(1).
-1
Let v = 53 - 47. Suppose v*c = -2*c + 280. Let j(f) = c*f + 30*f - 63*f. What is j(4)?
8
Let g be ((-21)/63)/((-1)/(-12)). Let t be -47 - -50 - (2 + g + -2). Let f(o) = -o**2 + 7*o - 9. What is f(t)?
-9
Suppose g - 3 = y, 4*g - 2*y - 7 = -1. Let b(r) = -3*r**2 - 4*r - 8*r + 8*r - r + g*r - 5. Calculate b(-2).
-7
Let m(s) = 2*s**2 - 71*s - 29. Let a be m(36). Let z(r) = -6*r**2 - 8*r - 33. Let b(k) = 5*k**2 + 7*k + 32. Let x(f) = a*b(f) + 6*z(f). What is x(0)?
26
Let s be (6/(-2))/(-23 - -24) - -37. Let t(v) = s*v - 8*v - 1 - 8*v. What is t(-1)?
-19
Suppose -28*q - 620 = -144. Let y(i) = -3*i**3 + 31*i**2 - 6*i + 14. Let r(x) = -x**3 + 11*x**2 - 2*x + 5. Let m(z) = q*r(z) + 6*y(z). Calculate m(-1).
1
Let f(c) = 5*c. Suppose 5*x + h - 20 = 0, 7*x - 4*x - 3*h = 12. Suppose -x*v = -4*m + 16, 15 = 3*m - v - 3*v. What is f(m)?
5
Let s(p) be the third derivative of -165*p**2 + 0 + 0*p**3 + 1/20*p**5 - 2*p + 0*p**4. Let a(f) = f - 5. Let o be a(4). Give s(o).
3
Let w(n) be the s